{"id":143,"date":"2024-05-21T16:08:32","date_gmt":"2024-05-21T14:08:32","guid":{"rendered":"https:\/\/clinicestetica.com.tn\/?page_id=143"},"modified":"2024-05-21T16:10:58","modified_gmt":"2024-05-21T14:10:58","slug":"prochainement","status":"publish","type":"page","link":"https:\/\/clinicestetica.com.tn\/index.php\/prochainement\/","title":{"rendered":"Prochainement"},"content":{"rendered":"\n<p><\/p>\n\n\n\n<p><\/p>\n\n\n\n<p><strong> Groupe Ben Hassine<\/strong>\u00a0\u00c9tend son Influence avec l\u2019Inauguration Imminente de sa<strong>\u00a0Clinique d\u2019Esth\u00e9tique de Luxe<\/strong><\/p>\n\n\n\n<p>Depuis sa fondation en 1982, avec une sp\u00e9cialisation initiale dans le domaine du chaufroid, le Groupe Ben Hassine a \u00e9volu\u00e9 et consolid\u00e9 son expertise, notamment dans le secteur de l\u2019immobilier au cours des 23 derni\u00e8res ann\u00e9es. Aujourd\u2019hui, capitalisant sur cette exp\u00e9rience et sa r\u00e9putation \u00e9tablie, le groupe franchit une nouvelle \u00e9tape dans son parcours d\u2019innovation en investissant dans un nouveau domaine :<strong>&nbsp;la m\u00e9decine esth\u00e9tique.<\/strong><\/p>\n\n\n\n<p>Nous sommes fiers d\u2019annoncer l\u2019ouverture prochaine de la toute premi\u00e8re clinique d\u2019esth\u00e9tique de luxe en Tunisie, portant la signature distinctive du Groupe Ben Hassine. Chaque aspect de ce projet a \u00e9t\u00e9 minutieusement con\u00e7u pour offrir une exp\u00e9rience exceptionnelle \u00e0 nos clients, combinant le savoir-faire m\u00e9dical de pointe avec des standards de service haut de gamme.<\/p>\n\n\n\n<p>Cette clinique d\u2019esth\u00e9tique de luxe incarnera l\u2019engagement continu du Groupe Ben Hassine envers l\u2019excellence et l\u2019innovation. Situ\u00e9e au c\u0153ur de la Tunisie, La soukra , elle offrira une gamme compl\u00e8te de services esth\u00e9tiques, allant des traitements anti-\u00e2ge aux proc\u00e9dures de chirurgie plastique, le tout dans un cadre raffin\u00e9 et confortable.<\/p>\n\n\n\n<p>Chaque d\u00e9tail de la clinique a \u00e9t\u00e9 soigneusement planifi\u00e9 pour cr\u00e9er une atmosph\u00e8re de luxe et de s\u00e9r\u00e9nit\u00e9, o\u00f9 nos clients se sentiront pris en charge et choy\u00e9s \u00e0 chaque \u00e9tape de leur parcours esth\u00e9tique. Des \u00e9quipements de pointe aux praticiens qualifi\u00e9s et exp\u00e9riment\u00e9s, rien n\u2019a \u00e9t\u00e9 laiss\u00e9 au hasard pour garantir des r\u00e9sultats exceptionnels et une satisfaction totale.<\/p>\n\n\n\n<p>Restez connect\u00e9s pour suivre de pr\u00e8s les avanc\u00e9es passionnantes de ce projet novateur.&nbsp;<strong>Groupe Ben Hassine<\/strong>&nbsp;est impatient de partager cette nouvelle \u00e9tape avec vous, en offrant une exp\u00e9rience esth\u00e9tique de classe mondiale qui red\u00e9finira les normes de l\u2019industrie en Tunisie et au-del\u00e0.<\/p>\n","protected":false},"excerpt":{"rendered":"<p>Groupe Ben Hassine\u00a0\u00c9tend son Influence avec l\u2019Inauguration Imminente de sa\u00a0Clinique d\u2019Esth\u00e9tique de Luxe Depuis sa fondation en 1982, avec une sp\u00e9cialisation initiale dans le domaine du chaufroid, le Groupe Ben Hassine a \u00e9volu\u00e9 et consolid\u00e9 son expertise, notamment dans le secteur de l\u2019immobilier au cours des 23 derni\u00e8res ann\u00e9es. Aujourd\u2019hui, capitalisant sur cette exp\u00e9rience et&#8230;<\/p>\n","protected":false},"author":1,"featured_media":0,"parent":0,"menu_order":0,"comment_status":"closed","ping_status":"closed","template":"","meta":{"footnotes":""},"class_list":["post-143","page","type-page","status-publish","hentry"],"_links":{"self":[{"href":"https:\/\/clinicestetica.com.tn\/index.php\/wp-json\/wp\/v2\/pages\/143","targetHints":{"allow":["GET"]}}],"collection":[{"href":"https:\/\/clinicestetica.com.tn\/index.php\/wp-json\/wp\/v2\/pages"}],"about":[{"href":"https:\/\/clinicestetica.com.tn\/index.php\/wp-json\/wp\/v2\/types\/page"}],"author":[{"embeddable":true,"href":"https:\/\/clinicestetica.com.tn\/index.php\/wp-json\/wp\/v2\/users\/1"}],"replies":[{"embeddable":true,"href":"https:\/\/clinicestetica.com.tn\/index.php\/wp-json\/wp\/v2\/comments?post=143"}],"version-history":[{"count":2,"href":"https:\/\/clinicestetica.com.tn\/index.php\/wp-json\/wp\/v2\/pages\/143\/revisions"}],"predecessor-version":[{"id":148,"href":"https:\/\/clinicestetica.com.tn\/index.php\/wp-json\/wp\/v2\/pages\/143\/revisions\/148"}],"wp:attachment":[{"href":"https:\/\/clinicestetica.com.tn\/index.php\/wp-json\/wp\/v2\/media?parent=143"}],"curies":[{"name":"wp","href":"https:\/\/api.w.org\/{rel}","templated":true}]}}